t common factor of k and 11.
11
Let g = -845 - -910. What is the highest common factor of 91 and g?
13
Suppose 0 = -3*c - 3 + 9. What is the highest common factor of 7 and c?
1
Let p(r) = -32*r + 5. Let u be p(3). Let k = u + 199. What is the greatest common factor of k and 12?
12
Suppose -6*b = -2*b - 4. Let n be (b + 42/(-2))*1. Let p be -55*(32/n + 0). Calculate the highest common divisor of p and 8.
8
Let b(a) = a**2 - 8*a - 5. Let t(o) = 10*o**3 + 2*o - 2. Let v be t(1). Let y be b(v). Let p be 602/8 + (-2)/8. What is the highest common divisor of y and p?
15
Suppose 0 = -4*g + 2 - 10. Let t be g/(-7) + (-216)/(-28). Calculate the greatest common divisor of t and 88.
8
Suppose -43*y = -2956 - 2656 + 1355. Suppose -13 = -4*d + 31. Calculate the greatest common factor of y and d.
11
Let q = 74 + -38. Let c = 9 - 8. Let s be 15 - (4 - 1)*c. Calculate the highest common divisor of q and s.
12
Suppose -2*x - 206 = -4*c, -6*c + 5*x = -3*c - 165. Suppose 9*o - 34*o = -400. Suppose 39 = o*u - 281. Calculate the greatest common divisor of u and c.
10
Let i be 4/(2*(-1)/(-4)). Let x(z) be the second derivative of z**4/12 - z**3/2 + 2*z**2 + 5*z. Let n be x(7). What is the greatest common factor of i and n?
8
Suppose 2*w - 152 = 4*o, 0*w - 56 = -w - 2*o. What is the greatest common divisor of 528 and w?
66
Let x(d) = d + 19. Let c be x(-20). Let f(o) = -56*o**3 - o**2 - o. Let y be f(c). Calculate the highest common factor of 16 and y.
8
Let s = -296 + 328. What is the greatest common factor of s and 112?
16
Let c(h) = -h**2 + 115. Let f be c(0). Let p be 4/26 + (-5049)/(-221). Calculate the greatest common divisor of p and f.
23
Let f(j) = j**2 + 20*j - 56. Let y be f(-25). What is the highest common factor of y and 39?
3
Let o(r) = -r**3 + 3*r**2 + 4*r + 4. Let z be o(-2). Calculate the greatest common factor of z and 184.
8
Let o = 438 + -416. Calculate the greatest common divisor of 88 and o.
22
Let n = 54 + -29. Suppose 4*z - 29 = -n. What is the greatest common factor of 9 and z?
1
Let t be 26 + 0/(0 + 1). Let c = t - -2. Let r be 42 - (2 + -2)*7/14. Calculate the greatest common divisor of c and r.
14
Suppose 8*r + 69 = 381. Calculate the highest common factor of r and 13.
13
Let c = -2037 - -2784. Calculate the highest common factor of c and 83.
83
Suppose 0*r + 2*r + 2*x + 150 = 0, -71 = r + 2*x. Let i = 127 + r. Calculate the greatest common factor of 32 and i.
16
Let c = 219 + -201. What is the highest common factor of c and 54?
18
Suppose 630 = 796*t - 794*t. What is the greatest common divisor of t and 350?
35
Let t be -100 + 1*1/((-2)/(-2)). Let k = -64 - t. Calculate the highest common divisor of k and 7.
7
Let i = -23 + 18. Let z be (2/i)/(13/(-1365)). Calculate the highest common factor of z and 210.
42
Suppose 10*k = 9*k + 50. What is the highest common factor of 425 and k?
25
Suppose -6 = -7*b + 5*b. What is the greatest common factor of b and 16?
1
Let f = 44 + -8. Let w be (35/(-21))/((-1)/42). Let j = w - 46. Calculate the greatest common divisor of j and f.
12
Suppose -4*z + 15*v = 12*v - 4493, -1109 = -z - 4*v. Calculate the greatest common divisor of z and 59.
59
Suppose 4*w + 62 + 330 = 3*i, 3*w = -4*i + 481. What is the greatest common factor of i and 186?
62
Let q = 83 - 92. Let r = 6 - 23. Let g = q - r. What is the highest common divisor of 32 and g?
8
Let g be (-11 - 988/(-20)) + 3/5. Calculate the greatest common divisor of 117 and g.
39
Suppose 156 = 3*u - 684. Let r = -246 + 351. Suppose -8*n + r = -5*n. What is the highest common factor of n and u?
35
Let y be (-4)/(-6) + 20/6. Let q be (-2)/4 + 10/y. Let d be 120 + 4/(q*-2). Calculate the greatest common factor of d and 17.
17
Suppose 38 = -3*x + 113. Suppose 0 = -q + 6*q - x. Let y(b) = 2*b**2 + 2*b - 5. Let z be y(q). Calculate the greatest common divisor of 11 and z.
11
Let f(o) = 2*o - 4. Let r be f(4). Let b be r/(-2)*(-19 - 4). Let w = b - 22. What is the highest common factor of 120 and w?
24
Let y be 124/10 + ((-36)/30)/3. Let q = 12 - 9. What is the greatest common factor of y and q?
3
Suppose 4*l = -p + 1550 - 206, -4*l - 2*p + 1344 = 0. Calculate the highest common divisor of l and 126.
42
Let m = 589 + -189. Calculate the highest common factor of m and 25.
25
Let q = 10 - -177. What is the highest common factor of 11 and q?
11
Suppose 45 + 3 = 3*z. Let y be 1760/z - (-1 - -1). What is the greatest common divisor of 22 and y?
22
Let a(s) = 16*s**3 + 2*s - 3. Let k be a(1). Calculate the highest common divisor of k and 135.
15
Suppose 2*x - 4*n = 28, -4*n = 4 - 0. Calculate the greatest common factor of 180 and x.
12
Let f be (-2)/7*(-4 - (6 - 3)). What is the greatest common divisor of f and 218?
2
Let i(t) = -t + 90. Let s be i(0). Let a be 30/(-4)*2808/(-585). Calculate the highest common divisor of a and s.
18
Let p(t) = 10*t + 30. Let x be p(7). Suppose 0 = 2*o - 4, 3*n - x = o - 6*o. Calculate the highest common divisor of n and 40.
10
Suppose 2*s - 35 = -3*v, 7*v - 16 = 3*v + 5*s. Suppose 0 = v*c - 4*c - 130. Let o = 47 - 34. What is the highest common divisor of o and c?
13
Let d(p) = 10*p + 0*p - 11*p. Let c be d(-7). What is the highest common divisor of 21 and c?
7
Let p = 6 - 1. Suppose 4*x - 20 = x + d, -p*x - d = -20. Suppose -41*l + 51*l - 150 = 0. What is the greatest common factor of l and x?
5
Let q = -1559 + 1566. Calculate the greatest common factor of 12 and q.
1
Suppose 0 = -o - 4*o + 450. Suppose 0 = 3*l - h - 32, -3*l + 3*h + 36 = -0*l. What is the highest common factor of o and l?
10
Let u = 12 - 1. Let w(x) = -x**2 - 25*x + 7. Let d be (-25)/25 + 9*-2. Let l be w(d). What is the highest common factor of l and u?
11
Let f = -592 - -603. What is the greatest common factor of 9 and f?
1
Let p be 7016/26 - (-10)/65. Calculate the highest common divisor of p and 30.
30
Suppose 2*q = -2*t + 50, -38 = -5*q + t + 105. Let i = 68 - q. Suppose 0*f + 2*w + 30 = 3*f, -f + w = -11. What is the greatest common divisor of f and i?
8
Let d = 406 + -286. Calculate the greatest common divisor of d and 72.
24
Let o be (18/8)/((-31)/(-32) + -1). Let f = o + 108. Calculate the greatest common factor of f and 396.
36
Let w = 201 - 193. Let r be (2/(-5))/((-8)/400). Calculate the greatest common factor of w and r.
4
Suppose -102 = v - 128. What is the greatest common factor of 598 and v?
26
Let k be (2 - 4)/(-2) - -69. Suppose 2*o = 3*i + 35, 0 = -4*o + 4*i + 60. Calculate the highest common divisor of o and k.
10
Let i be 79/6 + 1/(-6). Suppose 5*s + i - 68 = 0. Calculate the highest common factor of 121 and s.
11
Suppose -2*z - 4*n + 38 = 0, -3*z + n - 2 = -73. Let d(p) = 8*p**3 - 7*p**2 + 8. Let q be d(3). What is the highest common factor of q and z?
23
Let q be 36/6 + (-78)/9*-9. Calculate the greatest common divisor of 532 and q.
28
Suppose 2088 = 16*x - 11272. Calculate the greatest common factor of 10 and x.
5
Suppose 10*n = 777 - 87. What is the greatest common factor of n and 23?
23
Let x be (-7 - -12) + (3 - -2). Suppose 4*m = 2*m + 4*z + 88, 0 = 2*m + z - 78. Calculate the greatest common divisor of m and x.
10
Let u(j) = j**2 + 16*j - 29. Let f be u(-20). Suppose 2*v - 2*d - 30 = v, -2*v + 76 = 4*d. Calculate the greatest common factor of f and v.
17
Let z be (6/(-15))/(6/(-45)). What is the greatest common divisor of z and 2?
1
Suppose 5*y - 248 = 192. Let c = 132 - y. Calculate the highest common factor of 22 and c.
22
Suppose 5796 = -108*s + 114*s. What is the highest common factor of 42 and s?
42
Let h(f) = -109*f + 1. Let g be h(-1). Let m = 1176 + -1132. Calculate the greatest common divisor of m and g.
22
Let d be 0 + 2 + 27 + 0. Suppose -2*v - 2*r + 251 = v, 3*v - 4*r = 281. Calculate the greatest common divisor of v and d.
29
Let q(l) = l**3 - l**2 - 2*l - 1. Let n be q(-1). Let r be 4/2 - 8/n. Calculate the highest common divisor of r and 10.
10
Let w = 24 - 2. Suppose 2*d = w + 4. Suppose 4*m - 375 = 93. What is the highest common factor of d and m?
13
Let q = 269 - 261. What is the greatest common factor of 2 and q?
2
Suppose -3*q + q + 10 = 0. Let h(g) = 2*g**3 - 4*g**2 - 7*g + 9. Let m = -61 - -65. Let k be h(m). Calculate the highest common divisor of k and q.
5
Let l = -348 + 355. What is the greatest common divisor o